24. Let o = y - 10. What are the prime factors of o?
17
Let c be 73/5 - 4/(-10). Let k be (-8)/(-10)*c/6. Suppose 0 = -k*o - 2*o + 28. List the prime factors of o.
7
Suppose 0 = 8*o - 4*o - 204. What are the prime factors of o?
3, 17
Let j = 270 - 158. Let a be (3/4)/(4/j). Suppose -81 = -5*y - a. List the prime factors of y.
2, 3
Suppose 0*k - 75 = -5*k. Suppose -k - 12 = -3*x. What are the prime factors of x?
3
Let q(c) = 3*c**3 + 20*c**2 + 3*c - 70. Let n(r) = r**3 + 7*r**2 + r - 23. Let v(x) = 17*n(x) - 6*q(x). List the prime factors of v(0).
29
Let b be 22/(-5) - 6/(-15). Let i = b + 16. Suppose -3*a + 36 = 3*s, 5*a + i - 62 = 5*s. What are the prime factors of a?
11
Let n(l) be the first derivative of -l**3/3 + 9*l**2/2 - 9*l + 2. List the prime factors of n(7).
5
Let s = 215 + -119. What are the prime factors of (s/(-20))/(3/(-10))?
2
Let t be 0 + 1 + (-1)/1. Suppose t = r - 0*r + 8. Let c = 17 + r. List the prime factors of c.
3
Suppose c + y = 3*c - 50, -4*y - 119 = -5*c. List the prime factors of c.
3
Suppose -4*r + a + 199 = 4*a, -4*r + a = -195. What are the prime factors of r?
7
Suppose -5*f + 45 = 5*b, 4*f - 2*b - 12 = -0*b. Suppose 30 = 6*p - f*p. Suppose -4*n = n - p. What are the prime factors of n?
2, 3
Let j be 1 - 178/(2*-1). Let d be j/8 - (-12)/16. Suppose 4*p - 3*h = 60, 6*h - d = -2*p + 3*h. What are the prime factors of p?
2, 3
Let w = -40 + 81. List the prime factors of w.
41
Let q(u) = u**3 + 16*u**2 - 17*u + 16. List the prime factors of q(-17).
2
Suppose 3*l - 6*l = -3*i - 177, 3*l = -2*i + 162. What are the prime factors of l?
2, 7
Let v = -175 - -324. What are the prime factors of v?
149
Let d be 29 + -1*(-1 + 3). Suppose -3*l = -4*j - 17, 5*j + 0*l = -2*l - d. List the prime factors of j/10*20/(-1).
2, 5
List the prime factors of (1 - 398/(-10))*60/18.
2, 17
Suppose -4*w + 3*x = -0*w - 47, 2*x = 4*w - 50. Suppose 1 = 2*c - 5. Suppose z - 31 = -c*j, j + j - z = w. What are the prime factors of j?
3
Let j be (-32)/(-12) + 3/9. Suppose j*n + 4*r + 10 = -0*r, 0 = 3*n - 3*r - 18. What are the prime factors of 26/n*(0 + 1)?
13
Let b = 11 - 8. List the prime factors of b.
3
Let q(g) = g**3 + 7*g**2 + 6*g + 4. Suppose 0 = -3*n + 7*n + 24. Let c be q(n). Suppose 14 = 2*k - c. What are the prime factors of k?
3
Suppose -d - 2 = -2*d. Let w be (-2)/4*4/d. Let o = 5 + w. What are the prime factors of o?
2
Suppose -3*g + 2 = -1. List the prime factors of (g/(-1))/((-1)/17).
17
Let i(d) = 4*d**2. Let y be i(1). Let u = -1 + y. Suppose -3*b - u*o = -2*o - 2, -3*b = -o - 10. What are the prime factors of b?
2
Let l(u) = -u**2 + 4*u. Let m(p) = -p - 1. Let k be m(-3). Let w be (k/(-2) - -1) + 2. List the prime factors of l(w).
2
Let z = 125 + -83. List the prime factors of z.
2, 3, 7
Suppose b = -4*f + 11 - 2, 2*f - 3*b - 15 = 0. Suppose 2 + 7 = f*l. What are the prime factors of l?
3
Let o(x) = x + 4. Let p be o(4). List the prime factors of (-1)/((p/26)/(-4)).
13
Let z = -25 - -38. List the prime factors of z.
13
Suppose -2*l + 4*b + 7 = 3*b, l + 3*b - 14 = 0. Suppose 3*w - l - 4 = 0. Suppose w*n - 2*r - 15 = 15, 0 = -5*r. List the prime factors of n.
2, 5
Suppose 20 = 5*t - t, 0 = -4*d - 4*t + 136. Suppose -16 = -5*k + d. What are the prime factors of k?
3
Let z(f) = -2*f**3 + f**2 - f - 1. Let m be z(-1). Suppose 14 = a - m. What are the prime factors of a?
17
Suppose 3*u = -0*u - 6, -4*c = -u - 18. Suppose c*s - 54 = -2. List the prime factors of s.
13
Let l(j) = j + 14. Let b be l(-12). Let m = 4 - b. What are the prime factors of -6*(m + 21/(-9))?
2
List the prime factors of 0/(2 - 4) - -19.
19
List the prime factors of 8/2 + 62/1.
2, 3, 11
Let a = -4 + 1. Let w be (-12)/9*a + 2. Suppose 6*s - 2*s - w = 2*h, s = -3*h + 12. What are the prime factors of h?
3
Let y = -6 - -35. What are the prime factors of y?
29
Let m(o) be the third derivative of -o**5/60 + o**4/3 + o**3 + o**2. Suppose 14 = -u + 3*u. What are the prime factors of m(u)?
13
Suppose 5*u + 4*g + 10 = 201, -4*u + 151 = 5*g. What are the prime factors of u?
3, 13
Suppose 2*t - 5 - 11 = 0. Suppose -2*o + 54 = 2*x - t, -4*o - x + 124 = 0. What are the prime factors of o?
31
Suppose 2*s + 336 = 4*s + 4*q, 4*s - 2*q = 662. What are the prime factors of s?
2, 83
Let v = -16 - -21. What are the prime factors of v?
5
Suppose w = -3*x + 28, -2*x + 1 = -3*x. What are the prime factors of w?
31
Suppose 3*m + 300 = 9*m. What are the prime factors of m?
2, 5
Let n = -3 - -3. What are the prime factors of (n - -1)/(3/6)?
2
Let g(n) = 3*n**3 - 6*n**2 + 5*n + 13. List the prime factors of g(4).
3, 43
Suppose 0 = -0*b + 4*b. Let n = b - -51. Suppose -5*q = -3*i - n, 5*q + 0*i - i = 47. What are the prime factors of q?
3
Let h(v) = v - 3. Let j be h(3). Let n = j - -4. What are the prime factors of -2 + n*6/4?
2
List the prime factors of (-522)/6*(-2)/6.
29
List the prime factors of (-30)/3*134/(-5).
2, 67
Let h(g) = g**2 + 5*g + 4. List the prime factors of h(-6).
2, 5
Suppose r + 120 = 5*i, i + 0*i - 20 = r. Suppose o = 6*o - i. What are the prime factors of o?
5
Suppose d = 47 + 18. What are the prime factors of d?
5, 13
Let u(i) = -i**3 + 14*i**2 - 15*i + 16. What are the prime factors of u(11)?
2, 107
Let r(u) = u**3 + 5*u**2 - 5. Let a be r(-4). Suppose -4*j + 2*s = 2, -s + 2*s = -3*j + a. List the prime factors of j.
2
List the prime factors of (-2)/(-11) + (-1572)/(-66).
2, 3
Suppose a = -u + 3*u + 4, -3*u - 3 = 0. Suppose 4*d + 4*m = 164, -d - 5*m + 43 = -a*m. What are the prime factors of d?
2, 5
Let n(r) = -r**3 + 20*r**2 - 16*r + 20. List the prime factors of n(19).
7, 11
Suppose 0*u = 2*u - 26. Suppose -j + 5*y - y = -u, 4*j = -2*y + 16. What are the prime factors of j?
5
Let g = -126 + 449. What are the prime factors of g?
17, 19
Let j be 9/(4/((-16)/3)). Suppose -16 = -3*c + 41. Let h = j + c. What are the prime factors of h?
7
Let t = -3 - -10. Suppose 58 = -t*h + 9*h. What are the prime factors of h?
29
Let t(c) = -17 - 7*c + 6 - 1. List the prime factors of t(-9).
3, 17
Suppose -951 + 207 = -3*i. What are the prime factors of i?
2, 31
Suppose -8*s + 3*s - t + 97 = 0, 0 = 4*s - 4*t - 68. List the prime factors of s.
19
Let g(b) = 9*b - 4 + 4*b**3 - 13*b**2 - 2 + 4*b**2 - 3*b**3. Let y be g(8). Suppose -3*p + y*v + 19 = 0, 2*p + 2*v - 5 = -3*p. What are the prime factors of p?
3
Let m be 6*(-2)/9*3. Let u be (-1)/(-4) - 31/m. Suppose -i + 3*i = u. List the prime factors of i.
2
Let a be -2 - (-11)/(44/24). What are the prime factors of -1 - -3 - (-4 - a)?
2, 5
Let q(j) be the first derivative of -j**2/2 - j - 2. Let s be q(6). Let b = s - -9. What are the prime factors of b?
2
Suppose -36 = -0*r - 4*r. Let d(u) = u**2 - 9*u + 6. What are the prime factors of d(r)?
2, 3
Let u(q) = 44*q**2 - q. What are the prime factors of u(1)?
43
Suppose -4*v + 5*j = -63, 2*v - j = j + 30. Suppose -o - 6 = 3*w - 6*o, -3*w + v = o. List the prime factors of 3/(-3) + w + 14.
2
Let t(d) be the second derivative of -11*d**3/6 + 3*d**2/2 - d. What are the prime factors of t(-2)?
5
Let j be (-4)/4 - (1 - -2). List the prime factors of 42/(-9)*12/j.
2, 7
Let s(h) = 6*h**2 - 3*h - 2. Let u be s(-1). Let v = u + 0. List the prime factors of v.
7
Let a(o) = 13*o - 1. Suppose -6 = -3*y + 3*c, 0*y + 4*y - 3*c = 10. What are the prime factors of a(y)?
3, 17
Let u be (16/(-6))/((-2)/3). Suppose -n + 0 - 8 = -4*f, -3*f = 5*n - 6. Suppose 8 = -f*r + u*r. List the prime factors of r.
2
Let l(o) = 2*o**2 + 3*o + 2. Let w be l(-2). Suppose w*j - 7 - 1 = 0. Suppose 3*c = s + 3 + 1, -5*s + j*c + 32 = 0. List the prime factors of s.
2
Let c = -25 + 68. Suppose f + 6*k + 1 = k, -2*f + 5*k + c = 0. List the prime factors of f.
2, 7
Let g = 0 + -3. Let s be g*2/(-12)*0. Suppose 5*n = -2*v + v - 9, s = 5*v + 5*n - 35. List the prime factors of v.
11
Suppose -4*d + 2*d = 3*u - 22, 0 = -2*d - 4*u + 24. Let m be (-38)/(-6) - d/(-12). Let w = m + 11. What are the prime factors of w?
2, 3
Let j be 4/14 + 23/(-7). Suppose -5*o + 2 = 4*q - 40, 0 = 2*q - 2*o - 12. Let z = q - j. What are the prime factors of z?
11
Let y be ((-2)/(-4))/((-2)/12). Let o = y + 6. Suppose -3*t - 85 = -5*k - 2*t, 4*k - o*t = 57. List the prime factors of k.
2, 3
Suppose -5*b - 10 = -5. Let i = b + 0. Let o = 17 + i. List the pr